{"id":261,"date":"2021-02-16T18:00:19","date_gmt":"2021-02-17T01:00:19","guid":{"rendered":"https:\/\/diazodental.com\/sout\/?page_id=261"},"modified":"2024-08-22T00:01:42","modified_gmt":"2024-08-22T07:01:42","slug":"declaracion-de-accesibilidad","status":"publish","type":"page","link":"https:\/\/diazodental.com\/south\/declaracion-de-accesibilidad\/","title":{"rendered":"Declaraci\u00f3n de Accesibilidad"},"content":{"rendered":"","protected":false},"excerpt":{"rendered":"","protected":false},"author":7,"featured_media":0,"parent":0,"menu_order":0,"comment_status":"closed","ping_status":"closed","template":"","meta":{"inline_featured_image":false,"site-sidebar-layout":"default","site-content-layout":"default","ast-site-content-layout":"default","site-content-style":"default","site-sidebar-style":"default","ast-global-header-display":"","ast-banner-title-visibility":"","ast-main-header-display":"","ast-hfb-above-header-display":"","ast-hfb-below-header-display":"","ast-hfb-mobile-header-display":"","site-post-title":"","ast-breadcrumbs-content":"","ast-featured-img":"","footer-sml-layout":"","ast-disable-related-posts":"","theme-transparent-header-meta":"default","adv-header-id-meta":"","stick-header-meta":"","header-above-stick-meta":"","header-main-stick-meta":"","header-below-stick-meta":"","astra-migrate-meta-layouts":"set","ast-page-background-enabled":"default","ast-page-background-meta":{"desktop":{"background-color":"","background-image":"","background-repeat":"repeat","background-position":"center center","background-size":"auto","background-attachment":"scroll","background-type":"","background-media":"","overlay-type":"","overlay-color":"","overlay-opacity":"","overlay-gradient":""},"tablet":{"background-color":"","background-image":"","background-repeat":"repeat","background-position":"center center","background-size":"auto","background-attachment":"scroll","background-type":"","background-media":"","overlay-type":"","overlay-color":"","overlay-opacity":"","overlay-gradient":""},"mobile":{"background-color":"","background-image":"","background-repeat":"repeat","background-position":"center center","background-size":"auto","background-attachment":"scroll","background-type":"","background-media":"","overlay-type":"","overlay-color":"","overlay-opacity":"","overlay-gradient":""}},"ast-content-background-meta":{"desktop":{"background-color":"var(--ast-global-color-5)","background-image":"","background-repeat":"repeat","background-position":"center center","background-size":"auto","background-attachment":"scroll","background-type":"","background-media":"","overlay-type":"","overlay-color":"","overlay-opacity":"","overlay-gradient":""},"tablet":{"background-color":"var(--ast-global-color-5)","background-image":"","background-repeat":"repeat","background-position":"center center","background-size":"auto","background-attachment":"scroll","background-type":"","background-media":"","overlay-type":"","overlay-color":"","overlay-opacity":"","overlay-gradient":""},"mobile":{"background-color":"var(--ast-global-color-5)","background-image":"","background-repeat":"repeat","background-position":"center center","background-size":"auto","background-attachment":"scroll","background-type":"","background-media":"","overlay-type":"","overlay-color":"","overlay-opacity":"","overlay-gradient":""}},"footnotes":""},"class_list":["post-261","page","type-page","status-publish","hentry"],"yoast_head":"<!-- This site is optimized with the Yoast SEO plugin v27.4 - https:\/\/yoast.com\/product\/yoast-seo-wordpress\/ -->\n<title>Declaraci\u00f3n de Accesibilidad - Diazo Dental South<\/title>\n<meta name=\"description\" content=\"Diazo Family Dental &amp; Braces est\u00e1 aqu\u00ed para hacerte sonre\u00edr, y eso comienza incluso antes de tu primera visita!\" \/>\n<meta name=\"robots\" content=\"noindex, follow\" \/>\n<meta property=\"og:locale\" content=\"en_US\" \/>\n<meta property=\"og:type\" content=\"article\" \/>\n<meta property=\"og:title\" content=\"Declaraci\u00f3n de Accesibilidad - Diazo Dental South\" \/>\n<meta property=\"og:description\" content=\"Diazo Family Dental &amp; Braces est\u00e1 aqu\u00ed para hacerte sonre\u00edr, y eso comienza incluso antes de tu primera visita!\" \/>\n<meta property=\"og:url\" content=\"https:\/\/diazodental.com\/south\/declaracion-de-accesibilidad\/\" \/>\n<meta property=\"og:site_name\" content=\"Diazo Dental South\" \/>\n<meta property=\"article:modified_time\" content=\"2024-08-22T07:01:42+00:00\" \/>\n<meta name=\"twitter:card\" content=\"summary_large_image\" \/>\n<script type=\"application\/ld+json\" class=\"yoast-schema-graph\">{\"@context\":\"https:\\\/\\\/schema.org\",\"@graph\":[{\"@type\":\"WebPage\",\"@id\":\"https:\\\/\\\/diazodental.com\\\/south\\\/declaracion-de-accesibilidad\\\/\",\"url\":\"https:\\\/\\\/diazodental.com\\\/south\\\/declaracion-de-accesibilidad\\\/\",\"name\":\"Declaraci\u00f3n de Accesibilidad - Diazo Dental South\",\"isPartOf\":{\"@id\":\"https:\\\/\\\/diazodental.com\\\/south\\\/#website\"},\"datePublished\":\"2021-02-17T01:00:19+00:00\",\"dateModified\":\"2024-08-22T07:01:42+00:00\",\"description\":\"Diazo Family Dental & Braces est\u00e1 aqu\u00ed para hacerte sonre\u00edr, y eso comienza incluso antes de tu primera visita!\",\"breadcrumb\":{\"@id\":\"https:\\\/\\\/diazodental.com\\\/south\\\/declaracion-de-accesibilidad\\\/#breadcrumb\"},\"inLanguage\":\"en-US\",\"potentialAction\":[{\"@type\":\"ReadAction\",\"target\":[\"https:\\\/\\\/diazodental.com\\\/south\\\/declaracion-de-accesibilidad\\\/\"]}]},{\"@type\":\"BreadcrumbList\",\"@id\":\"https:\\\/\\\/diazodental.com\\\/south\\\/declaracion-de-accesibilidad\\\/#breadcrumb\",\"itemListElement\":[{\"@type\":\"ListItem\",\"position\":1,\"name\":\"Home\",\"item\":\"https:\\\/\\\/diazodental.com\\\/south\\\/\"},{\"@type\":\"ListItem\",\"position\":2,\"name\":\"Declaraci\u00f3n de Accesibilidad\"}]},{\"@type\":\"WebSite\",\"@id\":\"https:\\\/\\\/diazodental.com\\\/south\\\/#website\",\"url\":\"https:\\\/\\\/diazodental.com\\\/south\\\/\",\"name\":\"Diazo Dental South\",\"description\":\"Tu Dentista Familar en Phoenix\",\"potentialAction\":[{\"@type\":\"SearchAction\",\"target\":{\"@type\":\"EntryPoint\",\"urlTemplate\":\"https:\\\/\\\/diazodental.com\\\/south\\\/?s={search_term_string}\"},\"query-input\":{\"@type\":\"PropertyValueSpecification\",\"valueRequired\":true,\"valueName\":\"search_term_string\"}}],\"inLanguage\":\"en-US\"}]}<\/script>\n<!-- \/ Yoast SEO plugin. -->","yoast_head_json":{"title":"Declaraci\u00f3n de Accesibilidad - Diazo Dental South","description":"Diazo Family Dental & Braces est\u00e1 aqu\u00ed para hacerte sonre\u00edr, y eso comienza incluso antes de tu primera visita!","robots":{"index":"noindex","follow":"follow"},"og_locale":"en_US","og_type":"article","og_title":"Declaraci\u00f3n de Accesibilidad - Diazo Dental South","og_description":"Diazo Family Dental & Braces est\u00e1 aqu\u00ed para hacerte sonre\u00edr, y eso comienza incluso antes de tu primera visita!","og_url":"https:\/\/diazodental.com\/south\/declaracion-de-accesibilidad\/","og_site_name":"Diazo Dental South","article_modified_time":"2024-08-22T07:01:42+00:00","twitter_card":"summary_large_image","schema":{"@context":"https:\/\/schema.org","@graph":[{"@type":"WebPage","@id":"https:\/\/diazodental.com\/south\/declaracion-de-accesibilidad\/","url":"https:\/\/diazodental.com\/south\/declaracion-de-accesibilidad\/","name":"Declaraci\u00f3n de Accesibilidad - Diazo Dental South","isPartOf":{"@id":"https:\/\/diazodental.com\/south\/#website"},"datePublished":"2021-02-17T01:00:19+00:00","dateModified":"2024-08-22T07:01:42+00:00","description":"Diazo Family Dental & Braces est\u00e1 aqu\u00ed para hacerte sonre\u00edr, y eso comienza incluso antes de tu primera visita!","breadcrumb":{"@id":"https:\/\/diazodental.com\/south\/declaracion-de-accesibilidad\/#breadcrumb"},"inLanguage":"en-US","potentialAction":[{"@type":"ReadAction","target":["https:\/\/diazodental.com\/south\/declaracion-de-accesibilidad\/"]}]},{"@type":"BreadcrumbList","@id":"https:\/\/diazodental.com\/south\/declaracion-de-accesibilidad\/#breadcrumb","itemListElement":[{"@type":"ListItem","position":1,"name":"Home","item":"https:\/\/diazodental.com\/south\/"},{"@type":"ListItem","position":2,"name":"Declaraci\u00f3n de Accesibilidad"}]},{"@type":"WebSite","@id":"https:\/\/diazodental.com\/south\/#website","url":"https:\/\/diazodental.com\/south\/","name":"Diazo Dental South","description":"Tu Dentista Familar en Phoenix","potentialAction":[{"@type":"SearchAction","target":{"@type":"EntryPoint","urlTemplate":"https:\/\/diazodental.com\/south\/?s={search_term_string}"},"query-input":{"@type":"PropertyValueSpecification","valueRequired":true,"valueName":"search_term_string"}}],"inLanguage":"en-US"}]}},"_links":{"self":[{"href":"https:\/\/diazodental.com\/south\/wp-json\/wp\/v2\/pages\/261","targetHints":{"allow":["GET"]}}],"collection":[{"href":"https:\/\/diazodental.com\/south\/wp-json\/wp\/v2\/pages"}],"about":[{"href":"https:\/\/diazodental.com\/south\/wp-json\/wp\/v2\/types\/page"}],"author":[{"embeddable":true,"href":"https:\/\/diazodental.com\/south\/wp-json\/wp\/v2\/users\/7"}],"replies":[{"embeddable":true,"href":"https:\/\/diazodental.com\/south\/wp-json\/wp\/v2\/comments?post=261"}],"version-history":[{"count":1,"href":"https:\/\/diazodental.com\/south\/wp-json\/wp\/v2\/pages\/261\/revisions"}],"predecessor-version":[{"id":1870,"href":"https:\/\/diazodental.com\/south\/wp-json\/wp\/v2\/pages\/261\/revisions\/1870"}],"wp:attachment":[{"href":"https:\/\/diazodental.com\/south\/wp-json\/wp\/v2\/media?parent=261"}],"curies":[{"name":"wp","href":"https:\/\/api.w.org\/{rel}","templated":true}]}}